= 2*v. Let p(f) = -1389 - 5*f - f + 3*f + 2*f**2 + 1393. What are the prime factors of p(v)?
31
Let w(b) = -b**3 - 5*b**2 + 10*b - 1. Let s be w(-7). Suppose s = 2*j - 41. What are the prime factors of j?
2, 17
Let u be 10/(-15) - (-8)/3. Suppose 47 = u*x + 3*q, 4*x - 3*q - 27 - 76 = 0. What are the prime factors of x?
5
Let s(f) = -176*f**3 + f**2 + f - 2. Let t be s(1). Let q = -74 - t. List the prime factors of q.
2, 3, 17
Let f be 9/(-6)*8/12. Let c = f + 4. What are the prime factors of (-1)/(c - (-380)/(-126))?
3, 7
Let p(i) = -11*i - 1. Let s be p(-5). Let a = 132 + s. List the prime factors of a.
2, 3, 31
Suppose 42*k + 4554 = 51*k. List the prime factors of k/6 + 8/(-6).
83
Suppose 0 = -4*a - 56 + 20. Let p be a/36 - (-394)/8. Let k = 10 + p. What are the prime factors of k?
59
Suppose 118*p + 18864 = 122*p. List the prime factors of p.
2, 3, 131
Let o = 138 + -67. Let m = o + -49. List the prime factors of m.
2, 11
Let g = -74 - -63. What are the prime factors of ((-4)/18 + (-34)/9)*g?
2, 11
Let i(j) = j + 3 - 3*j + 0 - 7. What are the prime factors of i(-11)?
2, 3
Suppose 0 = 5*d + 2*m - 4 - 46, -5*m - 85 = -5*d. List the prime factors of d.
2, 3
Let z(q) = 340*q**3 - 2*q**2 - 2*q + 2. What are the prime factors of z(1)?
2, 13
Suppose 10 + 0 = 5*k. Let p(x) = 25*x**3 - x**2 + x + 1. Let r be p(-1). List the prime factors of k + (-3 - r - 3).
2, 11
Let a(u) = -122*u - 129. What are the prime factors of a(-6)?
3, 67
Suppose 4*y + 4*s = -s + 255, -2*y - 5*s = -135. Let j = -35 + y. Let g = j - -19. What are the prime factors of g?
2, 11
Suppose 0 = 8*v - 9*v + 2*i + 255, 0 = -4*v - i + 1011. List the prime factors of v.
11, 23
Let n(s) = 81*s + 34. List the prime factors of n(5).
439
Suppose -36*s + 1944 = -27*s. What are the prime factors of s?
2, 3
Let y(o) = -o**3 + 7*o**2 + 9. Let u = 29 + -22. List the prime factors of y(u).
3
Suppose -34*p + 31667 - 8105 = 0. List the prime factors of p.
3, 7, 11
Suppose 43*k - 37851 = 213312. List the prime factors of k.
3, 11, 59
Let w = 287 + -128. What are the prime factors of w?
3, 53
Let j = -5 + 7. Suppose 0 = v + m - 401, 7*v = j*v + m + 2011. Suppose -5*u + v = u. List the prime factors of u.
67
Let w = -10 + 13. Suppose -t + w*k + 26 + 21 = 0, -5*t + 320 = 2*k. List the prime factors of t.
2, 31
Suppose b = 3*h + 6*b - 1, -3*h + 4*b + 10 = 0. Suppose 6*x - 968 = -h. List the prime factors of x.
7, 23
Let k be 2/6 + 14/(-6). Let l(y) = -y**3 - 8*y**2 - 6*y + 53. Let m be l(-6). List the prime factors of (m/k)/((-13)/26).
17
Suppose -5*x + 4*p = -143, 0 = 6*x - 2*x - 4*p - 116. Let d = x + -18. What are the prime factors of d?
3
List the prime factors of (-996)/(-8) - 7/(-14).
5
Suppose 2682 = 2*b + 2*f, -7*f + 12*f + 5346 = 4*b. List the prime factors of b.
13, 103
Suppose 9*a = -9 + 45. Suppose -2*f - g + 90 + 345 = 0, g - 871 = -a*f. What are the prime factors of f?
2, 109
Suppose 2*v - 8 = -4*w, 2*w - 4 = -4*v - v. Let b(y) = 15*y**3 - y**2 + 6*y - 3. List the prime factors of b(w).
5
Suppose t = -2*h - 3*h + 23, 4*t - 2*h - 26 = 0. What are the prime factors of t/(0 + (-3)/(-39))?
2, 13
Let y be -33 + 2/1 + 2. Let h = y + 43. List the prime factors of h.
2, 7
Suppose -s - 5 = 0, 4*s = -2*d - 0*s + 30. Suppose 4*i + 0*p - 176 = -4*p, -4*i + 4*p = -144. Let y = i - d. List the prime factors of y.
3, 5
Let s = 655 + -350. Suppose 475 = 2*f + 3*f. Suppose 5*x - s = -f. What are the prime factors of x?
2, 3, 7
Suppose -2218 + 88 = -10*c. List the prime factors of c.
3, 71
Let j be -15 + 13 + (-8)/(-2). List the prime factors of 73 + j/2*(2 - 3).
2, 3
Let q = -19 + 20. Let d be (-245)/(-7) + -1 + q. List the prime factors of 1075/d + 2/7.
31
Let x(u) = u**3 + 0*u**3 + 6*u**2 - 3*u + 2*u - 3. Let n be x(-6). Suppose 2*v + n*v = 175. What are the prime factors of v?
5, 7
List the prime factors of 661 - (-5)/(-10)*10.
2, 41
Let d(z) be the first derivative of -z**2 + z + 4. Let m be d(-2). Suppose -m*h - b + 48 = 2*b, 0 = 2*h + 3*b - 12. List the prime factors of h.
2, 3
Let y(m) = -m**3 - 3*m - 1. Let o be y(-2). Suppose -5*s = 63 - o. Let c = 13 + s. List the prime factors of c.
3
List the prime factors of 3/(3 + 9)*10*292.
2, 5, 73
Suppose 2*q + q - 8*q = 0. Suppose -m + 8*m - 581 = q. What are the prime factors of m?
83
Suppose 2*y + 2*g - 13 = -1, 5*y - 40 = -3*g. Suppose 2*f = -y + 17. Suppose 6*w - f*w - 15 = 0. What are the prime factors of w?
5
Let g(b) = 3*b**2 + 1. Let c be g(1). Suppose -4*w - 2 = -3*h + h, -4 = -c*h. Suppose w = j - 3*j + 4*s + 36, 5*j = 3*s + 62. List the prime factors of j.
2, 5
Suppose 668*n = 676*n - 6976. What are the prime factors of n?
2, 109
Let x(d) = d - 29*d**3 + 19*d**3 + 4 + 5*d**2 + 2*d. Let u be x(-3). List the prime factors of 6/10 - u/(-25).
13
What are the prime factors of (1800/(-16))/(2/(-12))?
3, 5
Let r(g) be the third derivative of g**6/120 - g**5/60 - g**4/12 - g**3 + 22*g**2. Let c = 11 - 7. List the prime factors of r(c).
2, 17
Let r(y) = y. Let g be r(-2). Suppose f - 11 = 4*l, -3*f + 3*l + 0*l = -33. List the prime factors of 1/(-2) - f/g.
5
Let s(x) = 2*x**2 - 12*x + 7. Suppose u - 7 = 4. List the prime factors of s(u).
3, 13
Suppose 4*d = 16, 28*w - 26*w = -4*d + 1744. List the prime factors of w.
2, 3
Let x be (-2 + 1)/1 - -1. Suppose -2*n + 13 = 3*l, x = -n + 3*l + l + 1. Suppose -n*w - 2 = -17, -75 = -3*y - 4*w. What are the prime factors of y?
3, 7
Let j = 18 + -14. Suppose j*y - y = 0. Suppose 2*x - 4 - 22 = y. What are the prime factors of x?
13
Suppose 18*k = 8*k - 20. Suppose b = -0 - 2. What are the prime factors of 11/b*(k + -2)?
2, 11
Let c be (0 - -1)*(-7 - -9). Suppose -4*q + 2*q + c = 0. List the prime factors of 686/21 - q/(-3).
3, 11
Let b(n) = -77*n + 1099. What are the prime factors of b(-10)?
3, 7, 89
Let x(d) = -2*d + 1. Let c be x(-3). Suppose -4*q - 3 = -c. What are the prime factors of 1 + 1 + 2/q?
2
Suppose -3*i = -8*i - 105. Let t be (-4)/(-14) + 174/i. Let a(u) = u**3 + 9*u**2 + 6*u + 11. List the prime factors of a(t).
3
Suppose 0 = -f - 5*b - 16, 0 = -5*f + b + 11 + 13. Suppose f*q - 109 = 99. List the prime factors of q.
2, 13
Let v = 24 - 28. List the prime factors of 93 - (v - (-1 + -1)).
5, 19
Let k be -2 + 8 + -3 - -21. Suppose -2*v + k = v. What are the prime factors of -4*((-54)/v + -1)?
31
Let i = -4 - -15. Suppose -9*k + i*k = 220. List the prime factors of k.
2, 5, 11
Suppose -1817 = -8*k + 24175. What are the prime factors of k?
3, 19
Suppose 9*w + 3685 = 20*w. Suppose -5*g + 3*x + 675 = -g, 2*g - x - w = 0. List the prime factors of g.
3, 5, 11
Suppose -9*l + 11*l = 410. What are the prime factors of l?
5, 41
Let z(x) = x**3 - 10*x**2 - 12*x + 11. Let t be z(11). Suppose -8 = -u - t. Suppose 2*y = -4*l + u*l - 86, -4*l + 87 = -y. List the prime factors of l.
2, 11
Let u = 21 - 18. Let k be (u/(-9) - -1)*-3. List the prime factors of 1 + (k - (-38 - 0)).
37
List the prime factors of (-2)/6 + (-7292)/48*-20.
2, 7, 31
Suppose 0 = -5*v + v - 204. Let y = v + 107. Suppose 0 = 3*x - x - y. List the prime factors of x.
2, 7
Let f(z) = -77*z**2 - 3*z + 2. Let c be f(-4). Let x be c/(-77) + 4/22. Suppose 3*m = 2*k - 5 - x, 5*k - 90 = -5*m. List the prime factors of k.
3, 5
Let f(s) = s**3 + 10*s**2 - s - 6. Let l be f(-10). Suppose -20 = -l*q, 5*b = 2*b + 3*q + 153. List the prime factors of b.
2, 7
Suppose 3*u + 29 = -16. Let k = 126 + u. What are the prime factors of k?
3, 37
Let n = -42 - -51. Let j = 122 - n. What are the prime factors of j?
113
Suppose -3*s + s = -16. Suppose 136 = 4*j + 4*w + 28, 0 = -4*w + s. Let z = 8 + j. List the prime factors of z.
3, 11
Suppose 0*u + 9681 = 7*u. What are the prime factors of u?
3, 461
Let y(c) = -6*c**3 + c**2 - c. Let a be y(1). Let f be a/(-2) + (-1 - -1). Suppose -f*p + 35 = -169. List the prime factors of p.
2, 17
Let s(k) = -k**2 - 11*k - 13. Let w be s(-9). Suppose 0 = -3*n + x - 10, 0 = -n - 3*n - w*x + 12. What are the prime factors of (-30 + n/(-1))/(-2)?
2, 7
Let j(r) = 4*r + 2. Let n be j(2). Suppose 2*y - 5*u = 7*y - n, -u = -2*y + 16. Suppose 4*l - 41 = -4*p - l, -2*l + y = -p. What are the prime factors of p?
2
Let f = -62 + 65. Suppose f*k - 3*i - 555 = 0, 2*i = 3*k - 212 - 345. What are the prime factors of k?
11, 17
Let q(w) = -72*w + 4